{"id":21,"date":"2019-11-08T21:49:25","date_gmt":"2019-11-08T21:49:25","guid":{"rendered":"http:\/\/www.skillanalumni.fi\/?page_id=21"},"modified":"2025-10-27T18:03:30","modified_gmt":"2025-10-27T18:03:30","slug":"yhdistys","status":"publish","type":"page","link":"http:\/\/www.skillanalumni.fi\/index.php\/yhdistys\/","title":{"rendered":"Yhdistys"},"content":{"rendered":"\n<p>S\u00e4hk\u00f6killan Alumni ry on vuonna 2019 perustettu yhdistys, jonka tarkoituksena on yhdist\u00e4\u00e4 Tampereen teknillisest\u00e4 yliopistossa tai Tampereen yliopistossa s\u00e4hk\u00f6tekniikkaa opiskelleita ihmisi\u00e4. Yhdistys j\u00e4rjest\u00e4\u00e4 j\u00e4senilleen vuosittain tapahtumia, joissa on mahdollisuus p\u00e4\u00e4st\u00e4 verkostoitumaan sek\u00e4 muistelemaan my\u00f6s kultaisia opiskeluaikoja.<\/p>\n\n\n\n<p>Yhdistyksen hallitus valitaan noin huhtikuussa j\u00e4rjestett\u00e4v\u00e4ss\u00e4 vuosikokouksessa, joka toteuttaa vuosittain alumneja immateriaalisesti rikastuttavaa toimintaa.<\/p>\n\n\n\n<p>S\u00e4hk\u00f6killan Alumni ry:n hallitus 2025<\/p>\n\n\n<ul class=\"rich-text editor-rich-text__editable block-editor-rich-text__editable is-selected\" role=\"textbox\" contenteditable=\"true\" aria-multiline=\"true\" aria-label=\"Kirjoita luettelo...\">\n<li>Puheenjohtaja &#8211;<strong> Kaisa Kjellman<\/strong><\/li>\n<li>Rahastonhoitaja &#8211;<strong> Kristo Siiskonen<\/strong><\/li>\n<li>Sihteeri &#8211; <b>Kalle Paasio<\/b><\/li>\n<li>Skilta yhteyshenkil\u00f6 ja yritysvastaava &#8211; <b>Antti Suomela<\/b><\/li>\n<\/ul>\n\n\n<p>Toimihenkil\u00f6t<\/p>\n\n\n\n<ul class=\"wp-block-list\">\n<li>IT-asiat ja nettisivut<strong> <\/strong>&#8211;<strong> <\/strong> <strong>Kristo Siiskonen<\/strong><\/li>\n\n\n\n<li>Toiminnantarkastus &#8211; <strong>Lari Leino <\/strong>(varalla Valtteri Yli-Karo)<\/li>\n<\/ul>\n\n\n\n<p><span style=\"text-decoration: underline;\"><a href=\"http:\/\/www.skillanalumni.fi\/index.php\/yhdistys\/jasenrekisterin-tietosuojaseloste\/\">Skillan Alumni ry:n j\u00e4senrekisterin tietosuojaseloste<\/a><\/span><\/p>\n\n\n\n<p><span style=\"text-decoration: underline;\"><a href=\"http:\/\/www.skillanalumni.fi\/index.php\/yhdistys\/tapahtumarekisterin-tietosuojaseloste\/\">Skillan Alumni ry:n tapahtumarekisterin tietosuojaseloste<\/a><\/span><\/p>\n\n\n\n<p><span style=\"text-decoration: underline;\"><a href=\"http:\/\/www.skillanalumni.fi\/index.php\/yhdistys\/tietosuojapolitiikka\/\">Skillan Alumni ry:n tietosuojapolitiikka<\/a><\/span><\/p>\n","protected":false},"excerpt":{"rendered":"<p>S\u00e4hk\u00f6killan Alumni ry on vuonna 2019 perustettu yhdistys, jonka tarkoituksena on yhdist\u00e4\u00e4 Tampereen teknillisest\u00e4 yliopistossa tai Tampereen yliopistossa s\u00e4hk\u00f6tekniikkaa opiskelleita ihmisi\u00e4. Yhdistys j\u00e4rjest\u00e4\u00e4 j\u00e4senilleen vuosittain tapahtumia, joissa on mahdollisuus p\u00e4\u00e4st\u00e4 verkostoitumaan sek\u00e4 muistelemaan my\u00f6s kultaisia opiskeluaikoja. Yhdistyksen hallitus valitaan noin huhtikuussa j\u00e4rjestett\u00e4v\u00e4ss\u00e4 vuosikokouksessa, joka toteuttaa vuosittain alumneja immateriaalisesti rikastuttavaa toimintaa. S\u00e4hk\u00f6killan Alumni ry:n hallitus 2025 Puheenjohtaja &#8211; Kaisa Kjellman Rahastonhoitaja &#8211; Kristo Siiskonen Sihteeri &#8211; Kalle Paasio Skilta yhteyshenkil\u00f6&hellip;<\/p>\n<p> <a class=\"more-link\" href=\"http:\/\/www.skillanalumni.fi\/index.php\/yhdistys\/\">Read more<\/a><\/p>\n","protected":false},"author":1,"featured_media":0,"parent":0,"menu_order":0,"comment_status":"closed","ping_status":"closed","template":"","meta":{"footnotes":""},"class_list":["post-21","page","type-page","status-publish"],"featured_image_src":null,"_links":{"self":[{"href":"http:\/\/www.skillanalumni.fi\/index.php\/wp-json\/wp\/v2\/pages\/21","targetHints":{"allow":["GET"]}}],"collection":[{"href":"http:\/\/www.skillanalumni.fi\/index.php\/wp-json\/wp\/v2\/pages"}],"about":[{"href":"http:\/\/www.skillanalumni.fi\/index.php\/wp-json\/wp\/v2\/types\/page"}],"author":[{"embeddable":true,"href":"http:\/\/www.skillanalumni.fi\/index.php\/wp-json\/wp\/v2\/users\/1"}],"replies":[{"embeddable":true,"href":"http:\/\/www.skillanalumni.fi\/index.php\/wp-json\/wp\/v2\/comments?post=21"}],"version-history":[{"count":12,"href":"http:\/\/www.skillanalumni.fi\/index.php\/wp-json\/wp\/v2\/pages\/21\/revisions"}],"predecessor-version":[{"id":381,"href":"http:\/\/www.skillanalumni.fi\/index.php\/wp-json\/wp\/v2\/pages\/21\/revisions\/381"}],"wp:attachment":[{"href":"http:\/\/www.skillanalumni.fi\/index.php\/wp-json\/wp\/v2\/media?parent=21"}],"curies":[{"name":"wp","href":"https:\/\/api.w.org\/{rel}","templated":true}]}}